 the value of (31 - 4) + 25 + -38?
14
(0 - 7 - 0) + (-4 + 7 - -42)
38
What is (6 - 15) + 7 - -4?
2
13 + -8 + 1 + 1 + (8 - 7)
8
Evaluate 36 + 2 + -142 + 117.
13
What is (-12 - -10) + -2 + 2?
-2
-6 - (14 + -12 - (11 + 1))
4
What is -12 - -21 - (-3 - (-6 + 4))?
10
What is the value of 17 + -12 - (4 + (-2 - (3 + 1)))?
7
Evaluate -2 + 7 + (-16 - (-31 + 30)).
-10
What is (-11 + 7 - -3 - (1 - 6)) + -4?
0
Evaluate (14 - (23 - (10 + 2))) + 10.
13
Evaluate 13 + 0 + -310 + 307.
10
What is the value of -1 + 27 + 14 + -14 + -7 + 1?
20
What is 149 - 142 - (-3 + -2)?
12
Calculate 12 + (11 - (20 + 11)).
-8
What is the value of -7 + (3 + -2 - 11) - (-4 - -12)?
-25
What is the value of -25 + 3 - (13 + -8 + (-4 - -7))?
-30
What is the value of -23 + 26 + -17 + -4?
-18
What is the value of (26 - 0 - (0 - -3)) + 4 + -8?
19
Calculate 34 + -25 - (29 + 2) - -9.
-13
What is 7 + 0 - (55 - 78)?
30
29 - (20 + 6 + 12)
-9
Evaluate 18 + 1 + (3 - 8).
14
What is 30 + 17 + -11 + 11 + -33?
14
Calculate 115 + -124 + -2 + 6 + -19.
-24
8 + 0 + 2 + -7
3
What is (66 + -36 - 28) + (-2 - 2)?
-2
Evaluate -3 - 9 - ((16 - 11 - -3) + -3).
-17
(13 + -2 - (39 + -12 + -33)) + -11
6
15 - (-4 - (6 - (18 - 0)))
7
-4 + 0 + 13 - 5
4
What is the value of -28 - (1 - 3) - (5 - 30 - -22)?
-23
Calculate 34 + -13 + (-43 - -20).
-2
Evaluate -6 + (-14 - -1) + 14.
-5
Calculate (-13 - 11) + 8 + 22.
6
(8 - 2 - 0) + -3 - (2 + 1)
0
What is -2 - -15 - (1 + 4)?
8
What is the value of (-1 - 9) + (-13 + 7 - (-30 + 3))?
11
Evaluate (3 + -1 - 12) + -56 + -1 + 50.
-17
-1 - (-19 + 21 - -12)
-15
Calculate (0 + 3 - 3) + (-1 - 4) + 18.
13
What is the value of (1 - -13) + -29 - (10 + -30)?
5
What is -15 + (17 + 5 - 19)?
-12
Evaluate 37 - (-17 + 18 + 63).
-27
Evaluate (3 - -30) + (-7 + 8 - 8) + 7.
33
Calculate (-619 - -626) + (0 - 12).
-5
-1 + 1 + -6 + -14 + 16
-4
What is (14 - 14 - -1) + 3 + -1 + 3?
6
What is (33 - 2) + -39 - 7?
-15
What is -18 + (7 - -2 - 8)?
-17
-2 - (5 - (-1 + -6) - (-7 + 2))
-19
Calculate -7 - (-6 + -6) - (9 + 0) - -3.
-1
Calculate (-4 - 3) + 59 + -71.
-19
Calculate -14 - (-2 + -8 - -7) - -1.
-10
(15 - 3) + (-16 - -21)
17
-2 - ((4 - 23) + 28)
-11
Calculate (12 - 5 - -2) + 4 - 0.
13
6 - (12 - ((-5 - 3) + 1))
-13
-7 + -3 - -4 - (-7 + 5 - 0)
-4
What is the value of -20 + (-87 - -79 - (1 - -1))?
-30
What is the value of -13 + (13 - -3) + 3 + 0 - 4?
2
Evaluate -14 + 1 - (-133 - -124).
-4
Evaluate (-2 - (2 - 2)) + -12 - (-81 + 85).
-18
What is the value of (28 + -16 - (2 - -20)) + 20 + -1?
9
What is the value of 9 + -8 + (-3 - -2) - -10?
10
-3 - (-2 - (8 - 6) - 3)
4
Evaluate -20 - (-25 - -12) - (4 - (2 - -2)).
-7
What is 28 + -19 + 2 + -4 + 3?
10
Evaluate 18 - (-1 + 4 + (-237 - -235)).
17
2 - -24 - (16 - 8 - (-5 + 4))
17
Evaluate 3 - -14 - 17 - -5.
5
1 - 5 - 2 - (-21 - (4 + 0))
19
What is the value of 1 + 10 - (2215 - 2221)?
17
What is -9 + (-3 - 0 - -2) + 2 + -2?
-10
Calculate -1 + (-1 - 0 - -4) - 12.
-10
4 + -9 + (-1 - (0 + -11))
5
What is 0 + -4 + 20 - 8 - 14?
-6
-20 - (27 + -81) - 5
29
What is (16 + -9 - 9) + 6 + -4?
0
What is the value of (1 - -3) + -20 + (-15 - -36) + -5?
0
Evaluate -8 + (11 - ((-11 - -3) + 16)).
-5
What is 0 + -13 - ((-1 - 11) + (-112 - -117))?
-6
What is the value of -16 + (15 - (10 - 6) - (2 - 0))?
-7
0 - (13 + -29) - 26
-10
Calculate -1 + (30 - 23) + 0.
6
Evaluate (-1 + 11 - (-79 + 94)) + -4.
-9
What is 0 + 0 + (-26 - -18) + 10 + 3?
5
Evaluate (48 - (-24 + 47)) + -22.
3
What is the value of 9 - 29 - (7 + 0 - 9)?
-18
Evaluate (10 - -1) + -5 + 13 + -25.
-6
What is the value of 26 + -8 + (-4 - -18 - -1) + -5?
28
Calculate (-90 + 85 - (-6 - 0)) + 5 - 8.
-2
What is the value of (-2 - (12 + -6)) + -75 + 85?
2
What is the value of 4 + (-6 - -5) + -8 + 4 + -6?
-7
What is -19 + (12 + -23 - -5)?
-25
What is -29 + 39 - -11 - 19?
2
-4 + -5 - (-9 - 0 - (33 + -12))
21
What is (8 - 14) + 2 + (1 + 2 - -18)?
17
Calculate -78 + 30 - (-9 - (-6 + 7)).
-38
What is 2 + -5 + (1 - (6 - 3))?
-5
Calculate -8 + (6 - -2) - (-3 - (3 - -8)).
14
What is the value of (-1 - (13 - 11) - 0) + (-2 - -44)?
39
What is the value of 17 + -17 - ((2 - 3) + -1)?
2
What is -14 + (12 - -4) - -12?
14
Evaluate -16 - (-47 + (-26 + 11 - -11)).
35
Calculate 19 - -8 - (-13 - -24).
16
-3 + -6 + 3 + (19 - 6) + -5
2
Calculate 231 + -214 + 0 + -7.
10
What is the value of 11 + -2 + (2 - 1) + -4?
6
Calculate (0 + -14 - 2) + (243 - 238).
-11
Calculate -71 + 121 + -59 - (-35 + -1).
27
Evaluate -7 - ((-9 - 8) + (0 - -1)).
9
Evaluate -9 + (11 - 10) + 7.
-1
Evaluate 7 + (4 + (-6 - (0 - 6)) - 12).
-1
What is (-6 - -14) + 11 - 11?
8
Evaluate (-28 - -7) + -17 + 2.
-36
(4 - -21 - 32) + 31
24
Calculate -17 - (1 + (8 - 9)).
-17
Evaluate (-184 - -178) + 9 + -1.
2
Calculate 6 + (-5 - (-1 + (1 - 2) + 3)).
0
Evaluate 5 + -2 + (2 - (-4 + 4)).
5
What is -21 - (8 - (51 + -41))?
-19
7 - (3 + 21) - (-8 + 0 + 2)
-11
51 + (25 - 64) + 3
15
What is the value of 23 + -22 - ((-10 - -7) + -9)?
13
What is the value of -17 + 2 - (-22 + -3)?
10
What is -2 + -8 + (-16 - -21) + (1 - 6)?
-10
Calculate -22 - (-7 + -17 + 19).
-17
What is the value of 4 + (-6 + 4 + 7 - (3 + -4))?
10
-1 + -7 + 11 + 2 + -9 + -11
-15
Calculate 6 - (5 - 13 - (1 - (0 - -5))).
10
What is -60 + 63 - (1 - (-3 - -14))?
13
Calculate -19 + 31 + (-11 - -2).
3
Evaluate 0 + -4 - (0 - (-1 + -4 + 8)).
-1
What is the value of -18 + 30 + -17 + 18 + 1?
14
-5 + 15 + 1 + (-12 - -19)
18
Calculate (-7 - -36) + (-2 - 15).
12
Calculate (0 - (-1 - 9)) + 12 + -2 + -5.
15
Calculate (-2 - -47) + (-128 - -61 - -50).
28
What is the value of 0 - 4 - (-9 + (9 - (-7 - -26)))?
15
Calculate (1 + 6 - (16 + -6)) + 5.
2
(-10 - -3) + (-12 - -11) - 11
-19
What is 2 - (-1 - -10) - (-24 + 17 - -9)?
-9
What is (-4 + 15 - (-7 - -9)) + -23 + 17?
3
What is -33 + (-24 - -8) - -64?
15
What is the value of (12 - 4) + -6 - (-2 + -6)?
10
Calculate -4 + (1 + -2 - (27 - (64 - 19))).
13
What is 7 + -3 + (-8 - ((-8 - -14) + 7))?
-17
What is the value of 6 + (6 - 0) + 2?
14
What is 48 + -60 - (-8 - (0 + -1)) - -15?
10
Calculate -152 - -139 - (-22 + 0).
9
6 - (0 - 2 - -10) - (2 - 17)
13
2 + (-17 - -10) + 19 + 1
15
Calculate ((-1 - -11) + -3 - 2) + -2.
3
What is -26 + 10 + -2 - -34?
16
What is the value of -20 + -7 + (-7 - (-12 + -3) - 1)?
-20
What is 8 + -3 + (1 - -6 - (20 - 16))?
8
Calculate 6 - 6 - (-1 - 4 - (17 - -7)).
29
0 + -16 - (-147 + 149)
-18
-2 + 0 - (-47 + 2 - (37 - 47))
33
What is the value of 16 + 1 + -21 + 18?
14
Calculate -4 + (4 - (-22 + 10)) - (1 + 6).
5
What is the value of 3 + (-4 - 4 - -2) - -5?
2
What is (43 - -13) + -68 - (-2 + -9)?
-1
Evaluate 63 - (-16 + 43) - 54.
-18
What is the value of -18 - (18 + -18 + -19)?
1
Calculate -13 + 29 + 1 + (4 + -1 - 5).
15
What is (-19 - 1) + (13 + -40 - (-25 + -5))?
-17
What is (-52 - (-13 - 7)) + 11?
-21
4 + (-2 - 2 - -5) - (2 - -17)
-14
Evaluate -1 + (-5 - (5 + -3 - 3) - 2).
-7
Calculate (16 + -11 + (6 - 2) - 8) + -2.
-1
Evaluate -4 - ((-1 - 1) + (15 - 9) + 4).
-12
Evaluate 10 - (8 + 9 + -4).
-3
Calculate -2 + 6 + 8 - (5 + -2).
9
-28 - (-15 + -13) - 6
-6
What is the value of 5 + -19 + 5 + 2 + 5 + -6?
-8
What is the value of -1 - -15 - 4 - 7?
3
What is the value of -7 + (-4 + 3 - -2) + (6 - 12)?
-12
Evaluate (5 - (8 + -12)) + -8 - 4.
-3
What is the value of (-16 + -1 + 8 - -15) + (1 - -5)?
12
What is -13 - (2 + (-3 - 3) + (1 - -1))?
-11
Evaluate (-7 - (-14 + 14) - -20) + -2.
11
Evaluate -2 + 12 + (159 - 155) + (0 - 2).
12
What is the value of 4 - 3 - (8 + (8 - 7) + -10)?
2
What is the value of 66 - 61 - (-5 + -2 - -2)?
10
Calculate 30 - (-1 - -33) - ((0 - 1) + 8).
-9
Calculate 6 + 2 + -6 + 3 + 0 + -15.
-10
-6 + (4 - (-12 + 7 + 7 + -4))
0
7 - (-13 + 8 - (-20 - -1))
-7
What is the value of (2 - 7) + 170 + -178?
-13
Calculate 0 - (-7 - (-15 + -2 + (6 - 4))).
-8
What is -12 - -11 - 5 - -7?
1
Calculate 7 - -1 - (3 + 24 + -33).
14
(-5 - -16) + (2 - 6) + -3 + 5
9
3 + 2 + -249 + 246
2
(-69 - -69) + (19 - (1 + 0))
18
What is the value of -1 - (3 - 3) - (14 + -6)?
-9
Calculate (895 - 887) + (-19 - (2 - 2)).
-11
What is the value of 7 + 2 - (9 - -6)?
-6
What is the value of 4 + -2 + -5 + 7 + -2 + -29?
-27
What is the value of 9 + -14 + -2 - -6?
-1
6 + (9 + -4 - (-5 - -7))
9
Calculate 23 + 16 + 30 + -60.
9
Evaluate -4 + (-21 - (-14 - -7)) - -3.
-15
Evaluate (-5 - 9 - -24) + (-5 - 2).
3
What is